{"id":61,"date":"2024-05-21T07:32:20","date_gmt":"2024-05-21T05:32:20","guid":{"rendered":"https:\/\/styropordaralo.hu\/?page_id=61"},"modified":"2024-06-10T13:08:31","modified_gmt":"2024-06-10T11:08:31","slug":"home","status":"publish","type":"page","link":"https:\/\/styropordaralo.hu\/","title":{"rendered":"Landing"},"content":{"rendered":"<p>[et_pb_section fb_built=&#8221;1&#8243; _builder_version=&#8221;4.25.1&#8243; _module_preset=&#8221;default&#8221; use_background_color_gradient=&#8221;on&#8221; background_color_gradient_stops=&#8221;#51b5a4 0%|rgba(0,183,125,0.73) 100%&#8221; background_color_gradient_overlays_image=&#8221;on&#8221; background_image=&#8221;https:\/\/styropordaralo.hu\/wp-content\/uploads\/hungarocell-pattern.jpg&#8221; background_size=&#8221;initial&#8221; background_repeat=&#8221;repeat&#8221; bottom_divider_style=&#8221;arrow&#8221; bottom_divider_color=&#8221;#E02B20&#8243; bottom_divider_height=&#8221;7vw&#8221; global_colors_info=&#8221;{}&#8221;][et_pb_row _builder_version=&#8221;4.25.1&#8243; _module_preset=&#8221;default&#8221; global_colors_info=&#8221;{}&#8221;][et_pb_column type=&#8221;4_4&#8243; _builder_version=&#8221;4.25.1&#8243; _module_preset=&#8221;default&#8221; custom_padding=&#8221;43px||43px||true|false&#8221; global_colors_info=&#8221;{}&#8221;][et_pb_image src=&#8221;https:\/\/styropordaralo.hu\/wp-content\/uploads\/polisztriol-daralo-logo-negativ.svg&#8221; title_text=&#8221;polisztriol-daralo-logo-negativ&#8221; _builder_version=&#8221;4.25.1&#8243; _module_preset=&#8221;default&#8221; width=&#8221;52%&#8221; width_tablet=&#8221;80%&#8221; width_phone=&#8221;80%&#8221; width_last_edited=&#8221;on|desktop&#8221; module_alignment=&#8221;center&#8221; animation_direction=&#8221;top&#8221; scroll_vertical_motion_enable=&#8221;on&#8221; scroll_vertical_motion=&#8221;8|71|89|98|0|0|-2&#8243; scroll_fade=&#8221;17|50|50|100|0|100|100&#8243; scroll_scaling_enable=&#8221;on&#8221; scroll_scaling=&#8221;0|84|84|100|70|100|72%&#8221; global_colors_info=&#8221;{}&#8221;][\/et_pb_image][et_pb_heading title=&#8221;Gazdas\u00e1gos megold\u00e1s az EPS\/XPS hullad\u00e9k \u00fajrahasznos\u00edt\u00e1s\u00e1ra&#8221; _builder_version=&#8221;4.25.1&#8243; _module_preset=&#8221;default&#8221; title_font=&#8221;|700|||||||&#8221; title_text_align=&#8221;center&#8221; global_colors_info=&#8221;{}&#8221;][\/et_pb_heading][et_pb_text _builder_version=&#8221;4.25.1&#8243; _module_preset=&#8221;default&#8221; text_orientation=&#8221;center&#8221; global_colors_info=&#8221;{}&#8221;]<\/p>\n<p>Powered by F\u00f6ldesi Kft.<\/p>\n<p>[\/et_pb_text][et_pb_image src=&#8221;https:\/\/styropordaralo.hu\/wp-content\/uploads\/mouse_scroll_negativ_1.gif&#8221; title_text=&#8221;mouse_scroll_negativ_1&#8243; align=&#8221;center&#8221; _builder_version=&#8221;4.25.1&#8243; _module_preset=&#8221;default&#8221; max_height=&#8221;10vh&#8221; global_colors_info=&#8221;{}&#8221;][\/et_pb_image][\/et_pb_column][\/et_pb_row][\/et_pb_section][et_pb_section fb_built=&#8221;1&#8243; module_id=&#8221;attekintes&#8221; _builder_version=&#8221;4.25.1&#8243; _module_preset=&#8221;default&#8221; background_color=&#8221;gcid-1707bac5-4fe1-4e39-9bf8-2acae076a274&#8243; custom_margin=&#8221;-1px||||false|false&#8221; global_colors_info=&#8221;{%22gcid-1707bac5-4fe1-4e39-9bf8-2acae076a274%22:%91%22background_color%22%93}&#8221;][et_pb_row column_structure=&#8221;1_2,1_2&#8243; make_equal=&#8221;on&#8221; _builder_version=&#8221;4.25.1&#8243; _module_preset=&#8221;default&#8221; global_colors_info=&#8221;{}&#8221;][et_pb_column type=&#8221;1_2&#8243; _builder_version=&#8221;4.25.1&#8243; _module_preset=&#8221;default&#8221; custom_css_main_element=&#8221;align-self: center;&#8221; global_colors_info=&#8221;{}&#8221;][et_pb_image src=&#8221;https:\/\/styropordaralo.hu\/wp-content\/uploads\/polisztirol-daralo-folyamatabra.png&#8221; title_text=&#8221;polisztirol-daralo-folyamatabra&#8221; show_in_lightbox=&#8221;on&#8221; align=&#8221;right&#8221; align_tablet=&#8221;center&#8221; align_phone=&#8221;center&#8221; align_last_edited=&#8221;on|desktop&#8221; _builder_version=&#8221;4.25.1&#8243; _module_preset=&#8221;default&#8221; max_height=&#8221;75vh&#8221; custom_margin=&#8221;-40px||||false|false&#8221; custom_margin_tablet=&#8221;-40px||||false|false&#8221; custom_margin_phone=&#8221;-40px||||false|false&#8221; custom_margin_last_edited=&#8221;on|phone&#8221; scroll_scaling_enable=&#8221;on&#8221; scroll_scaling=&#8221;0|50|50|100|100%|100|110%&#8221; motion_trigger_start=&#8221;bottom&#8221; global_colors_info=&#8221;{}&#8221;][\/et_pb_image][\/et_pb_column][et_pb_column type=&#8221;1_2&#8243; _builder_version=&#8221;4.25.1&#8243; _module_preset=&#8221;default&#8221; global_colors_info=&#8221;{}&#8221;][et_pb_heading title=&#8221;Polisztirol (EPS\/XPS) apr\u00edt\u00f3 eszk\u00f6z&#8221; _builder_version=&#8221;4.25.1&#8243; _module_preset=&#8221;default&#8221; title_level=&#8221;h2&#8243; title_text_color=&#8221;#FFFFFF&#8221; global_colors_info=&#8221;{}&#8221;][\/et_pb_heading][et_pb_text _builder_version=&#8221;4.25.1&#8243; _module_preset=&#8221;default&#8221; background_layout=&#8221;dark&#8221; global_colors_info=&#8221;{}&#8221;]<\/p>\n<p>A k\u00e9sz\u00fcl\u00e9k a bemeneti t\u00f6lcs\u00e9rbe helyezett apr\u00edtand\u00f3 anyagot automatikusan felsz\u00edvja, \u00f6sszez\u00fazza \u2013 \u00fajra granul\u00e1lja \u00e9s zs\u00e1kba t\u00f6lti. Ezzel az elj\u00e1r\u00e1ssal a csomagol\u00f3 \u00e9s szigetel\u0151 anyagok t\u00e1rol\u00e1s\u00e1hoz, sz\u00e1ll\u00edt\u00e1s\u00e1hoz sz\u00fcks\u00e9ges hely nagy m\u00e9rt\u00e9kben cs\u00f6kkenthet\u0151, r\u00e1ad\u00e1sul a k\u00f6zhiedelmekkel ellent\u00e9tben az EPS\/XPS hullad\u00e9k teljes m\u00e9rt\u00e9kben\u00a0 \u00fajrahasznos\u00edthat\u00f3.<\/p>\n<p>[\/et_pb_text][et_pb_text _builder_version=&#8221;4.25.1&#8243; _module_preset=&#8221;default&#8221; text_font=&#8221;||||||||&#8221; text_text_color=&#8221;#D6D6D6&#8243; header_4_font=&#8221;|600|||||||&#8221; header_4_text_color=&#8221;gcid-022617d6-694a-4877-9b28-4a9340c78541&#8243; background_layout=&#8221;dark&#8221; custom_margin=&#8221;0px||0px||false|false&#8221; custom_padding=&#8221;||20px|20px|false|false&#8221; border_color_bottom=&#8221;#FFFFFF&#8221; border_width_left=&#8221;1px&#8221; border_color_left=&#8221;gcid-022617d6-694a-4877-9b28-4a9340c78541&#8243; global_colors_info=&#8221;{%22gcid-022617d6-694a-4877-9b28-4a9340c78541%22:%91%22header_4_text_color%22,%22border_color_left%22%93}&#8221;]<\/p>\n<h4>A nem szennyezett EPS granul\u00e1tum\u00a0 <img loading=\"lazy\" decoding=\"async\" src=\"https:\/\/styropordaralo.hu\/wp-content\/uploads\/recycle-fade-ikon.png\" width=\"16\" height=\"20\" alt=\"\" class=\"wp-image-114 alignnone size-full\" \/>\u00a0 <img loading=\"lazy\" decoding=\"async\" src=\"https:\/\/styropordaralo.hu\/wp-content\/uploads\/recycle-fade-ikon.png\" width=\"16\" height=\"20\" alt=\"\" class=\"wp-image-114 alignnone size-full\" \/>\u00a0 <img loading=\"lazy\" decoding=\"async\" src=\"https:\/\/styropordaralo.hu\/wp-content\/uploads\/recycle-fade-ikon.png\" width=\"16\" height=\"20\" alt=\"\" class=\"wp-image-114 alignnone size-full\" \/><\/h4>\n<p>felhaszn\u00e1lhat\u00f3 \u00faj EPS term\u00e9kek gy\u00e1rt\u00e1s\u00e1n\u00e1l, t\u00f6lt\u0151anyagk\u00e9nt a b\u00fatoriparban, a mez\u0151gazdas\u00e1gban.<\/p>\n<p>[\/et_pb_text][et_pb_text _builder_version=&#8221;4.25.1&#8243; _module_preset=&#8221;default&#8221; text_font=&#8221;||||||||&#8221; text_text_color=&#8221;#D6D6D6&#8243; header_4_font=&#8221;|600|||||||&#8221; header_4_text_color=&#8221;gcid-022617d6-694a-4877-9b28-4a9340c78541&#8243; background_layout=&#8221;dark&#8221; custom_margin=&#8221;0px||0px||false|false&#8221; custom_padding=&#8221;||20px|20px|false|false&#8221; border_color_bottom=&#8221;#FFFFFF&#8221; border_width_left=&#8221;1px&#8221; border_color_left=&#8221;gcid-022617d6-694a-4877-9b28-4a9340c78541&#8243; global_colors_info=&#8221;{%22gcid-022617d6-694a-4877-9b28-4a9340c78541%22:%91%22header_4_text_color%22,%22border_color_left%22%93}&#8221;]<\/p>\n<h4>Az enyh\u00e9n szennyezett EPS granul\u00e1tum\u00a0\u00a0 <img loading=\"lazy\" decoding=\"async\" src=\"https:\/\/styropordaralo.hu\/wp-content\/uploads\/recycle-fade-ikon.png\" width=\"16\" height=\"20\" alt=\"\" class=\"wp-image-114 alignnone size-full\" \/>\u00a0<\/h4>\n<p>az \u00e9p\u00edt\u0151iparban homlokzatok vagy k\u00f6nny\u0171beton szerkezetek gy\u00e1rt\u00e1s\u00e1hoz is felhaszn\u00e1lhat\u00f3.<\/p>\n<p>[\/et_pb_text][et_pb_button button_url=&#8221;https:\/\/www.hoszigeteljaholnapert.hu\/ujra-meg-ujra-hasznos-felreismert-polisztirol\/&#8221; url_new_window=&#8221;on&#8221; button_text=&#8221;B\u0151vebben az EPS-r\u0151l&#8221; button_alignment=&#8221;left&#8221; _builder_version=&#8221;4.25.1&#8243; _module_preset=&#8221;default&#8221; custom_button=&#8221;on&#8221; button_text_size=&#8221;18px&#8221; button_bg_color=&#8221;RGBA(255,255,255,0)&#8221; button_border_width=&#8221;1px&#8221; button_border_radius=&#8221;0px&#8221; button_letter_spacing=&#8221;0px&#8221; button_font=&#8221;|600||on|||||&#8221; button_use_icon=&#8221;off&#8221; background_layout=&#8221;dark&#8221; custom_margin=&#8221;30px|||||&#8221; global_colors_info=&#8221;{}&#8221; button_bg_color__hover_enabled=&#8221;on|hover&#8221; button_bg_color__hover=&#8221;RGBA(255,255,255,0)&#8221; button_bg_enable_color__hover=&#8221;on&#8221; button_text_color__hover_enabled=&#8221;on|hover&#8221; button_text_color__hover=&#8221;#D6D6D6&#8243;][\/et_pb_button][\/et_pb_column][\/et_pb_row][\/et_pb_section][et_pb_section fb_built=&#8221;1&#8243; _builder_version=&#8221;4.25.1&#8243; _module_preset=&#8221;default&#8221; hover_enabled=&#8221;0&#8243; global_colors_info=&#8221;{}&#8221; top_divider_color=&#8221;#E02B20&#8243; top_divider_arrangement=&#8221;above_content&#8221; top_divider_height=&#8221;44px&#8221; top_divider_repeat=&#8221;13x&#8221; sticky_enabled=&#8221;0&#8243;][et_pb_row _builder_version=&#8221;4.25.1&#8243; _module_preset=&#8221;default&#8221; global_colors_info=&#8221;{}&#8221;][et_pb_column type=&#8221;4_4&#8243; _builder_version=&#8221;4.25.1&#8243; _module_preset=&#8221;default&#8221; global_colors_info=&#8221;{}&#8221;][et_pb_gallery gallery_ids=&#8221;148,146,147&#8243; posts_number=&#8221;3&#8243; show_pagination=&#8221;off&#8221; _builder_version=&#8221;4.25.1&#8243; _module_preset=&#8221;default&#8221; caption_font=&#8221;||||||||&#8221; hover_enabled=&#8221;0&#8243; global_colors_info=&#8221;{}&#8221; custom_css_gallery_item_title=&#8221;margin-top: 20px !important;&#8221; sticky_enabled=&#8221;0&#8243; caption_line_height=&#8221;17px&#8221; custom_css_gallery_item_caption=&#8221;margin-top: 8px !important;&#8221; caption_text_color=&#8221;#a0a0a0&#8243; box_shadow_style_image=&#8221;preset3&#8243; box_shadow_blur_image=&#8221;14px&#8221; box_shadow_spread_image=&#8221;-13px&#8221;][\/et_pb_gallery][\/et_pb_column][\/et_pb_row][\/et_pb_section][et_pb_section fb_built=&#8221;1&#8243; module_id=&#8221;muszaki-adatok&#8221; _builder_version=&#8221;4.25.1&#8243; _module_preset=&#8221;default&#8221; background_color=&#8221;#ededed&#8221; global_colors_info=&#8221;{}&#8221;][et_pb_row _builder_version=&#8221;4.25.1&#8243; _module_preset=&#8221;default&#8221; global_colors_info=&#8221;{}&#8221;][et_pb_column type=&#8221;4_4&#8243; _builder_version=&#8221;4.25.1&#8243; _module_preset=&#8221;default&#8221; global_colors_info=&#8221;{}&#8221;][et_pb_text _builder_version=&#8221;4.25.1&#8243; _module_preset=&#8221;default&#8221; text_font=&#8221;||||||||&#8221; header_2_font=&#8221;|600|||||||&#8221; header_3_font=&#8221;|||on|||||&#8221; header_3_font_size=&#8221;14px&#8221; header_3_letter_spacing=&#8221;4px&#8221; global_colors_info=&#8221;{}&#8221;]<\/p>\n<h3>technikai inf\u00f3k<\/h3>\n<h2>A berendez\u00e9s m\u0171szaki adatai<\/h2>\n<p>[\/et_pb_text][et_pb_code _builder_version=&#8221;4.25.1&#8243; _module_preset=&#8221;default&#8221; custom_css_free_form=&#8221;.entry-content tr td {border-top: none;||  padding: 8px 10px;}||||#responsive-table {||  border: none !important;||  table-layout: fixed; width: 100%:||}||#responsive-table tr {||  border-top: none !important;||}||#responsive-table th, #responsive-table td {||  border-bottom: 1px solid #a6a6a6;||}&#8221; global_colors_info=&#8221;{}&#8221;]<\/p>\n<table id=\"responsive-table\"><!-- [et_pb_line_break_holder] -->  <\/p>\n<tr><!-- [et_pb_line_break_holder] -->    <\/p>\n<td>Motor teljes\u00edtm\u00e9ny: <\/td>\n<p><!-- [et_pb_line_break_holder] -->    <\/p>\n<td>5,5 kW \/ 400 V<\/td>\n<p><!-- [et_pb_line_break_holder] -->  <\/tr>\n<p><!-- [et_pb_line_break_holder] -->  <\/p>\n<tr><!-- [et_pb_line_break_holder] -->    <\/p>\n<td>Kapacit\u00e1s: <\/td>\n<p><!-- [et_pb_line_break_holder] -->    <\/p>\n<td>kb. 4 m<sup style=\"font-size: smaller;\">3<\/sup>\/h *<\/td>\n<p><!-- [et_pb_line_break_holder] -->  <\/tr>\n<p><!-- [et_pb_line_break_holder] -->  <\/p>\n<tr><!-- [et_pb_line_break_holder] -->    <\/p>\n<td>Apr\u00edt\u00f3m\u0171 fordulatsz\u00e1ma: <\/td>\n<p><!-- [et_pb_line_break_holder] -->    <\/p>\n<td>2\u00a0900 \/ perc<\/td>\n<p><!-- [et_pb_line_break_holder] -->  <\/tr>\n<p><!-- [et_pb_line_break_holder] -->  <\/p>\n<tr><!-- [et_pb_line_break_holder] -->    <\/p>\n<td>El\u00e9rhet\u0151 t\u00e9rfogatcs\u00f6kkent\u00e9s:<\/td>\n<p><!-- [et_pb_line_break_holder] -->    <\/p>\n<td>~ 70\u201380%<\/td>\n<p><!-- [et_pb_line_break_holder] -->  <\/tr>\n<p><!-- [et_pb_line_break_holder] -->  <\/p>\n<tr><!-- [et_pb_line_break_holder] -->    <\/p>\n<td>Bemeneti t\u00f6lcs\u00e9r m\u00e9rete\/magass\u00e1ga: <!-- [et_pb_line_break_holder] --><\/td>\n<p><!-- [et_pb_line_break_holder] -->    <\/p>\n<td>\u00d8 kb. 300\u00a0mm \/ 1\u00a0600\u00a0mm<\/td>\n<p><!-- [et_pb_line_break_holder] -->  <\/tr>\n<p><!-- [et_pb_line_break_holder] -->  <\/p>\n<tr><!-- [et_pb_line_break_holder] -->    <\/p>\n<td>Apr\u00edt\u00e9k szemcsem\u00e9rete: <\/td>\n<p><!-- [et_pb_line_break_holder] -->    <\/p>\n<td>max. 6\u00a0mm<\/td>\n<p><!-- [et_pb_line_break_holder] -->  <\/tr>\n<p><!-- [et_pb_line_break_holder] -->  <\/p>\n<tr><!-- [et_pb_line_break_holder] -->    <\/p>\n<td>M\u00e9retek (Sz\u00e9\u00a0x\u00a0M\u00e9\u00a0x\u00a0Ma):<\/td>\n<p><!-- [et_pb_line_break_holder] -->    <\/p>\n<td>640\u00a0\u00d7\u00a01\u00a0500\u00a0\u00d7 2\u00a0400\u00a0mm<\/td>\n<p><!-- [et_pb_line_break_holder] -->  <\/tr>\n<p><!-- [et_pb_line_break_holder] -->  <\/p>\n<tr><!-- [et_pb_line_break_holder] -->    <\/p>\n<td>T\u00f6meg<\/td>\n<p><!-- [et_pb_line_break_holder] -->    <\/p>\n<td>~ 170 kg<\/td>\n<p><!-- [et_pb_line_break_holder] -->  <\/tr>\n<p><!-- [et_pb_line_break_holder] --><\/table>\n<p><!-- [et_pb_line_break_holder] -->[\/et_pb_code][et_pb_text _builder_version=&#8221;4.25.1&#8243; _module_preset=&#8221;default&#8221; text_font_size=&#8221;10px&#8221; text_line_height=&#8221;1.6em&#8221; global_colors_info=&#8221;{}&#8221;]<\/p>\n<p>*Az adagol\u00e1s sebess\u00e9g\u00e9t a feldolgozott alapanyag fajt\u00e1ja \u00e9s m\u00e9rete hat\u00e1rozza meg.<br \/>EPS \u2013 k\u00f6nnyen feldolgozhat\u00f3<br \/>XPS \u2013 kisebb darabokban \u00e9s lassabban feldolgozhat\u00f3<\/p>\n<p>[\/et_pb_text][et_pb_button button_url=&#8221;https:\/\/styropordaralo.hu\/wp-content\/uploads\/PolisztirolDaralo_Szoroanyag_A4_QR-update.pdf&#8221; url_new_window=&#8221;on&#8221; button_text=&#8221;Sz\u00f3r\u00f3lap let\u00f6lt\u00e9se&#8221; button_alignment=&#8221;left&#8221; _builder_version=&#8221;4.25.1&#8243; _dynamic_attributes=&#8221;button_url&#8221; _module_preset=&#8221;default&#8221; custom_button=&#8221;on&#8221; button_bg_color=&#8221;#FFFFFF&#8221; button_border_width=&#8221;0px&#8221; button_border_radius=&#8221;0px&#8221; button_letter_spacing=&#8221;0px&#8221; button_font=&#8221;|600||on|||||&#8221; button_use_icon=&#8221;off&#8221; global_colors_info=&#8221;{}&#8221; button_bg_color__hover_enabled=&#8221;on|desktop&#8221; button_bg_color__hover=&#8221;#e8e8e8&#8243; button_bg_enable_color__hover=&#8221;on&#8221;][\/et_pb_button][\/et_pb_column][\/et_pb_row][\/et_pb_section][et_pb_section fb_built=&#8221;1&#8243; module_id=&#8221;ujrahasznositas&#8221; _builder_version=&#8221;4.25.1&#8243; _module_preset=&#8221;default&#8221; background_color=&#8221;#8cdbbe&#8221; global_colors_info=&#8221;{}&#8221;][et_pb_row column_structure=&#8221;1_4,3_4&#8243; _builder_version=&#8221;4.25.1&#8243; _module_preset=&#8221;default&#8221; global_colors_info=&#8221;{}&#8221;][et_pb_column type=&#8221;1_4&#8243; _builder_version=&#8221;4.25.1&#8243; _module_preset=&#8221;default&#8221; global_colors_info=&#8221;{}&#8221;][et_pb_image src=&#8221;https:\/\/styropordaralo.hu\/wp-content\/uploads\/recycle-fade-kor-ikon.png&#8221; title_text=&#8221;recycle-fade-kor-ikon&#8221; align_tablet=&#8221;&#8221; align_phone=&#8221;center&#8221; align_last_edited=&#8221;on|phone&#8221; _builder_version=&#8221;4.25.1&#8243; _module_preset=&#8221;default&#8221; scroll_rotating_enable=&#8221;on&#8221; hover_enabled=&#8221;0&#8243; global_colors_info=&#8221;{}&#8221; box_shadow_style=&#8221;preset2&#8243; box_shadow_blur=&#8221;19px&#8221; box_shadow_spread=&#8221;-12px&#8221; border_radii=&#8221;on|964px|964px|964px|964px&#8221; sticky_enabled=&#8221;0&#8243;][\/et_pb_image][et_pb_text _builder_version=&#8221;4.25.1&#8243; _module_preset=&#8221;default&#8221; text_font=&#8221;||on||||||&#8221; text_text_color=&#8221;#749E47&#8243; text_font_size=&#8221;24px&#8221; text_orientation=&#8221;center&#8221; global_colors_info=&#8221;{}&#8221;]<\/p>\n<p>1 tonna EPS \u00fajrahasznos\u00edt\u00e1sa = ~2 500 L k\u0151olaj megtakar\u00edt\u00e1s<\/p>\n<p>[\/et_pb_text][\/et_pb_column][et_pb_column type=&#8221;3_4&#8243; _builder_version=&#8221;4.25.1&#8243; _module_preset=&#8221;default&#8221; global_colors_info=&#8221;{}&#8221;][et_pb_text _builder_version=&#8221;4.25.1&#8243; _module_preset=&#8221;default&#8221; text_font=&#8221;||||||||&#8221; header_2_font=&#8221;|600|||||||&#8221; header_3_font=&#8221;|||on|||||&#8221; header_3_font_size=&#8221;14px&#8221; header_3_letter_spacing=&#8221;4px&#8221; global_colors_info=&#8221;{}&#8221;]<\/p>\n<h3>\u00dajrahasznos\u00edt\u00e1s<\/h3>\n<h2>\u00dajra meg \u00fajra hasznos: a f\u00e9lreismert polisztirol<\/h2>\n<p>[\/et_pb_text][et_pb_text _builder_version=&#8221;4.25.1&#8243; _module_preset=&#8221;default&#8221; global_colors_info=&#8221;{}&#8221;]<\/p>\n<p>Ak\u00e1r 40-50%-kal is cs\u00f6kkenhetne telep\u00fcl\u00e9sek energiafelhaszn\u00e1l\u00e1sa, ha minden \u00e9p\u00fclet k\u00f6zel nulla energiahat\u00e9konys\u00e1g\u00fa lenne \u2013 ez\u00e1ltal a hat\u00e9kony h\u0151szigetel\u00e9s kulcsszerepet j\u00e1tszhat a kl\u00edmav\u00e1ltoz\u00e1s \u00e9s a k\u00f6rnyezetszennyez\u00e9s elleni harcban. Mi\u00e9rt? Mert a k\u00e1rosanyag-kibocs\u00e1t\u00e1s 28%-a a h\u0171t\u00e9s-f\u0171t\u00e9s \u00e9s energiaell\u00e1t\u00e1s sz\u00e1ml\u00e1j\u00e1ra \u00edrhat\u00f3, tov\u00e1bbi 14% pedig az \u00e9p\u00edt\u00e9si folyamatokhoz \u00e9s az \u00e9p\u00edt\u0151anyag-gy\u00e1rt\u00e1shoz k\u00f6thet\u0151. A fenntarthat\u00f3s\u00e1g szempontj\u00e1b\u00f3l magas energiahat\u00e9konys\u00e1g\u00fa, \u00fajrahasznos\u00edthat\u00f3 h\u0151szigetel\u0151 anyagok alkalmaz\u00e1s\u00e1ra van \u00e9get\u0151 sz\u00fcks\u00e9g, melyek lehet\u0151leg a k\u00f6rnyezetet kev\u00e9ss\u00e9 terhel\u0151 gy\u00e1rt\u00e1si folyamat sor\u00e1n \u00e1ll\u00edtanak el\u0151&#8230;<\/p>\n<p><a href=\"https:\/\/www.hoszigeteljaholnapert.hu\/ujra-meg-ujra-hasznos-felreismert-polisztirol\/\">tov\u00e1bb olvasom &gt;<\/a><\/p>\n<p>&nbsp;<\/p>\n<blockquote>\n<p>Forr\u00e1s: MEPS &#8222;H\u0151szigetelj a holnap\u00e9rt!&#8221;\u00a0<\/p>\n<\/blockquote>\n<p>[\/et_pb_text][\/et_pb_column][\/et_pb_row][\/et_pb_section][et_pb_section fb_built=&#8221;1&#8243; module_id=&#8221;kapcsolat&#8221; _builder_version=&#8221;4.25.1&#8243; _module_preset=&#8221;default&#8221; global_colors_info=&#8221;{}&#8221;][et_pb_row column_structure=&#8221;1_3,1_3,1_3&#8243; _builder_version=&#8221;4.25.1&#8243; _module_preset=&#8221;default&#8221; global_colors_info=&#8221;{}&#8221;][et_pb_column type=&#8221;1_3&#8243; _builder_version=&#8221;4.25.1&#8243; _module_preset=&#8221;default&#8221; global_colors_info=&#8221;{}&#8221;][et_pb_text _builder_version=&#8221;4.25.1&#8243; _module_preset=&#8221;default&#8221; global_colors_info=&#8221;{}&#8221;]<\/p>\n<h2>K\u00e9rd\u00e9se van?<\/h2>\n<p>Keressen minket bizalommal!<\/p>\n<p>[\/et_pb_text][\/et_pb_column][et_pb_column type=&#8221;1_3&#8243; _builder_version=&#8221;4.25.1&#8243; _module_preset=&#8221;default&#8221; global_colors_info=&#8221;{}&#8221;][et_pb_blurb use_icon=&#8221;on&#8221; font_icon=&#8221;&#xf879;||fa||900&#8243; icon_placement=&#8221;left&#8221; _builder_version=&#8221;4.25.1&#8243; _module_preset=&#8221;default&#8221; global_colors_info=&#8221;{}&#8221;]<\/p>\n<p>Telefon: +36 26 560 550<br \/>Mobil: +36 30 269 08 80<\/p>\n<p>[\/et_pb_blurb][\/et_pb_column][et_pb_column type=&#8221;1_3&#8243; _builder_version=&#8221;4.25.1&#8243; _module_preset=&#8221;default&#8221; global_colors_info=&#8221;{}&#8221;][et_pb_blurb use_icon=&#8221;on&#8221; font_icon=&#8221;&#xf0e0;||fa||900&#8243; icon_placement=&#8221;left&#8221; _builder_version=&#8221;4.25.1&#8243; _module_preset=&#8221;default&#8221; global_colors_info=&#8221;{}&#8221;]<\/p>\n<p>noemi.pass@foeldesi.hu<\/p>\n<p>[\/et_pb_blurb][\/et_pb_column][\/et_pb_row][\/et_pb_section]<\/p>\n","protected":false},"excerpt":{"rendered":"<p>Gazdas\u00e1gos megold\u00e1s az EPS\/XPS hullad\u00e9k \u00fajrahasznos\u00edt\u00e1s\u00e1ra.<\/p>\n","protected":false},"author":2,"featured_media":0,"parent":0,"menu_order":0,"comment_status":"closed","ping_status":"closed","template":"","meta":{"_et_pb_use_builder":"on","_et_pb_old_content":"","_et_gb_content_width":"","inline_featured_image":false,"footnotes":""},"class_list":["post-61","page","type-page","status-publish","hentry"],"_links":{"self":[{"href":"https:\/\/styropordaralo.hu\/index.php?rest_route=\/wp\/v2\/pages\/61","targetHints":{"allow":["GET"]}}],"collection":[{"href":"https:\/\/styropordaralo.hu\/index.php?rest_route=\/wp\/v2\/pages"}],"about":[{"href":"https:\/\/styropordaralo.hu\/index.php?rest_route=\/wp\/v2\/types\/page"}],"author":[{"embeddable":true,"href":"https:\/\/styropordaralo.hu\/index.php?rest_route=\/wp\/v2\/users\/2"}],"replies":[{"embeddable":true,"href":"https:\/\/styropordaralo.hu\/index.php?rest_route=%2Fwp%2Fv2%2Fcomments&post=61"}],"version-history":[{"count":30,"href":"https:\/\/styropordaralo.hu\/index.php?rest_route=\/wp\/v2\/pages\/61\/revisions"}],"predecessor-version":[{"id":156,"href":"https:\/\/styropordaralo.hu\/index.php?rest_route=\/wp\/v2\/pages\/61\/revisions\/156"}],"wp:attachment":[{"href":"https:\/\/styropordaralo.hu\/index.php?rest_route=%2Fwp%2Fv2%2Fmedia&parent=61"}],"curies":[{"name":"wp","href":"https:\/\/api.w.org\/{rel}","templated":true}]}}